{"id":4772,"date":"2023-11-13T10:26:17","date_gmt":"2023-11-13T09:26:17","guid":{"rendered":"https:\/\/nova.otroci.org\/?page_id=4772"},"modified":"2024-01-30T11:23:51","modified_gmt":"2024-01-30T10:23:51","slug":"prispevki","status":"publish","type":"page","link":"https:\/\/nova.otroci.org\/index.php\/prispevki\/","title":{"rendered":"Prispevki"},"content":{"rendered":"\n<hr class=\"wp-block-separator has-text-color has-pale-cyan-blue-color has-alpha-channel-opacity has-pale-cyan-blue-background-color has-background is-style-wide\"\/>\n\n\n\n<div class=\"wp-block-columns is-layout-flex wp-container-core-columns-is-layout-9d6595d7 wp-block-columns-is-layout-flex\">\n<div class=\"wp-block-column is-layout-flow wp-block-column-is-layout-flow\" style=\"flex-basis:33.33%\">\n<figure class=\"wp-block-image size-full\"><a href=\"https:\/\/nova.otroci.org\/index.php\/tukaj-je-lepo\/\"><img loading=\"lazy\" decoding=\"async\" width=\"500\" height=\"312\" src=\"https:\/\/nova.otroci.org\/wp-content\/uploads\/2024\/01\/Olimje_v_01.jpg\" alt=\"\" class=\"wp-image-10180\" srcset=\"https:\/\/nova.otroci.org\/wp-content\/uploads\/2024\/01\/Olimje_v_01.jpg 500w, https:\/\/nova.otroci.org\/wp-content\/uploads\/2024\/01\/Olimje_v_01-300x187.jpg 300w\" sizes=\"auto, (max-width: 500px) 100vw, 500px\" \/><\/a><\/figure>\n<\/div>\n\n\n\n<div class=\"wp-block-column is-layout-flow wp-block-column-is-layout-flow\" style=\"flex-basis:66.66%\">\n<h2 class=\"wp-block-heading\"><a href=\"https:\/\/nova.otroci.org\/index.php\/tukaj-je-lepo\/\" title=\"Tukaj je lepo\">Tukaj je lepo<\/a><\/h2>\n\n\n\n<p><a href=\"https:\/\/nova.otroci.org\/index.php\/tukaj-je-lepo\/\" title=\"Tukaj je lepo\">Prispevki o turisti\u010dnih krajih ki odra\u017eajo bogato in raznoliko turisti\u010dno ponudbo tako v Sloveniji kot na Hrva\u0161kem. Ti kraji zdru\u017eujejo naravne lepote, kulturno dedi\u0161\u010dino ter pestro paleto aktivnosti za obiskovalce. S svojimi prijetnimi okolji in zanimivostmi predstavljajo privla\u010dne destinacije za sprostitev in raziskovanje. Vabimo vas  k raziskovanju in u\u017eivanju v prijetnih izku\u0161njah, ki jih ponujajo te destinacije.<\/a><\/p>\n<\/div>\n<\/div>\n\n\n\n<hr class=\"wp-block-separator has-text-color has-pale-cyan-blue-color has-alpha-channel-opacity has-pale-cyan-blue-background-color has-background is-style-wide\"\/>\n\n\n\n<div class=\"wp-block-columns is-layout-flex wp-container-core-columns-is-layout-9d6595d7 wp-block-columns-is-layout-flex\">\n<div class=\"wp-block-column is-layout-flow wp-block-column-is-layout-flow\" style=\"flex-basis:33.33%\">\n<figure class=\"wp-block-image size-full\"><img loading=\"lazy\" decoding=\"async\" width=\"500\" height=\"312\" src=\"https:\/\/nova.otroci.org\/wp-content\/uploads\/2024\/01\/nasveti_za_ucenje_01.jpg\" alt=\"\" class=\"wp-image-9409\" srcset=\"https:\/\/nova.otroci.org\/wp-content\/uploads\/2024\/01\/nasveti_za_ucenje_01.jpg 500w, https:\/\/nova.otroci.org\/wp-content\/uploads\/2024\/01\/nasveti_za_ucenje_01-300x187.jpg 300w\" sizes=\"auto, (max-width: 500px) 100vw, 500px\" \/><\/figure>\n<\/div>\n\n\n\n<div class=\"wp-block-column is-layout-flow wp-block-column-is-layout-flow\" style=\"flex-basis:66.66%\">\n<h2 class=\"wp-block-heading\"><a href=\"https:\/\/nova.otroci.org\/index.php\/2024\/01\/28\/nasveti-za-ucenje\/\" title=\"Nasveti za u\u010denje\">Nasveti za u\u010denje<\/a><\/h2>\n\n\n\n<p><a href=\"https:\/\/nova.otroci.org\/index.php\/2024\/01\/28\/nasveti-za-ucenje\/\" title=\"Nasveti za u\u010denje\">Prispevek &#8220;Nasveti za u\u010denje v osnovni \u0161oli&#8221; ponuja dragocene smernice, kako izbolj\u0161ati u\u010dne izku\u0161nje osnovno\u0161olcev. Z nasveti o organizaciji \u010dasa in prostora za u\u010denje spodbuja sistemati\u010den pristop k \u0161olskemu delu. Poudarja pomen razvoja u\u010dnih navad, kot so pregledovanje gradiva, bele\u017eenje klju\u010dnih informacij in postavljanje realnih ciljev. Svetuje vklju\u010devanje raznolikih u\u010dnih metod, kot so skupinski projekti, risanje diagramov in izdelovanje povzetkov, za bolj\u0161e razumevanje snovi. <\/a><\/p>\n<\/div>\n<\/div>\n\n\n\n<hr class=\"wp-block-separator has-text-color has-pale-cyan-blue-color has-alpha-channel-opacity has-pale-cyan-blue-background-color has-background is-style-wide\"\/>\n\n\n\n<div class=\"wp-block-columns is-layout-flex wp-container-core-columns-is-layout-9d6595d7 wp-block-columns-is-layout-flex\">\n<div class=\"wp-block-column is-layout-flow wp-block-column-is-layout-flow\" style=\"flex-basis:33.33%\">\n<figure class=\"wp-block-image size-full\"><img loading=\"lazy\" decoding=\"async\" width=\"498\" height=\"312\" src=\"https:\/\/nova.otroci.org\/wp-content\/uploads\/2024\/01\/Ribice_01-1.jpg\" alt=\"\" class=\"wp-image-9240\" srcset=\"https:\/\/nova.otroci.org\/wp-content\/uploads\/2024\/01\/Ribice_01-1.jpg 498w, https:\/\/nova.otroci.org\/wp-content\/uploads\/2024\/01\/Ribice_01-1-300x188.jpg 300w\" sizes=\"auto, (max-width: 498px) 100vw, 498px\" \/><\/figure>\n<\/div>\n\n\n\n<div class=\"wp-block-column is-layout-flow wp-block-column-is-layout-flow\" style=\"flex-basis:66.66%\">\n<h2 class=\"wp-block-heading\"><a href=\"https:\/\/nova.otroci.org\/index.php\/2024\/01\/27\/akvarij-s-tropskimi-ribicami\/\" title=\"Akvarij s tropskimi ribicami\">Akvarij s tropskimi ribicami<\/a><\/h2>\n\n\n\n<p><a href=\"https:\/\/nova.otroci.org\/index.php\/2024\/01\/27\/akvarij-s-tropskimi-ribicami\/\" title=\"Akvarij s tropskimi ribicami\">Akvarij s tropskimi ribicami je privla\u010den na\u010din, kako v svojem domu ustvariti \u017eivahen in barvit vodni svet. Izbira raznolikih tropskih ribic omogo\u010da ustvarjanje harmoni\u010dnega ekosistema z razli\u010dnimi barvami in vzorci. Pomembno je skrbno izbrati ribe, ki imajo podobne zahteve glede vode, temperature in prehrane. Pravilna nastavitev filtra in redno \u010di\u0161\u010denje akvarija sta klju\u010dna za zagotovitev zdravega okolja za ribe. Hranjenje rib naj bo uravnote\u017eeno in prilagojeno vrsti ter velikosti posameznih ribic, da se ohrani njihovo dobro po\u010dutje.<\/a><\/p>\n<\/div>\n<\/div>\n\n\n\n<hr class=\"wp-block-separator has-text-color has-pale-cyan-blue-color has-alpha-channel-opacity has-pale-cyan-blue-background-color has-background is-style-wide\"\/>\n\n\n\n<div class=\"wp-block-columns is-layout-flex wp-container-core-columns-is-layout-9d6595d7 wp-block-columns-is-layout-flex\">\n<div class=\"wp-block-column is-layout-flow wp-block-column-is-layout-flow\" style=\"flex-basis:33.33%\">\n<figure class=\"wp-block-image size-full\"><img loading=\"lazy\" decoding=\"async\" width=\"500\" height=\"312\" src=\"https:\/\/nova.otroci.org\/wp-content\/uploads\/2024\/01\/ucenje_prsti_3.jpg\" alt=\"\" class=\"wp-image-8587\" srcset=\"https:\/\/nova.otroci.org\/wp-content\/uploads\/2024\/01\/ucenje_prsti_3.jpg 500w, https:\/\/nova.otroci.org\/wp-content\/uploads\/2024\/01\/ucenje_prsti_3-300x187.jpg 300w\" sizes=\"auto, (max-width: 500px) 100vw, 500px\" \/><\/figure>\n<\/div>\n\n\n\n<div class=\"wp-block-column is-layout-flow wp-block-column-is-layout-flow\" style=\"flex-basis:66.66%\">\n<h2 class=\"wp-block-heading\"><a href=\"https:\/\/nova.otroci.org\/index.php\/2024\/01\/25\/triki-za-ucenje-mnozenja\/\" title=\"Triki za u\u010denje mno\u017eenja\">Triki za u\u010denje mno\u017eenja<\/a><\/h2>\n\n\n\n<p><a href=\"https:\/\/nova.otroci.org\/index.php\/2024\/01\/25\/triki-za-ucenje-mnozenja\/\" title=\"Triki za u\u010denje mno\u017eenja\">U\u010denje mno\u017eenja lahko predstavlja izziv za \u0161tevilne otroke, saj se morajo nau\u010diti na pamet veliko tabel, kar lahko deluje dolgo\u010dasno in te\u017eavno. Na sre\u010do obstajajo razli\u010dni triki, ki lahko olaj\u0161ajo u\u010denje mno\u017eenja in ga celo naredijo zabavno. Uporaba prstov je eden najpreprostej\u0161ih na\u010dinov za u\u010denje mno\u017eenja. Otrok lahko uporabi svoje prste za prikaz mno\u017eenja. <\/a><\/p>\n<\/div>\n<\/div>\n\n\n\n<hr class=\"wp-block-separator has-text-color has-pale-cyan-blue-color has-alpha-channel-opacity has-pale-cyan-blue-background-color has-background is-style-wide\"\/>\n\n\n\n<div class=\"wp-block-columns is-layout-flex wp-container-core-columns-is-layout-9d6595d7 wp-block-columns-is-layout-flex\">\n<div class=\"wp-block-column is-layout-flow wp-block-column-is-layout-flow\" style=\"flex-basis:33.33%\">\n<figure class=\"wp-block-image size-full\"><img loading=\"lazy\" decoding=\"async\" width=\"500\" height=\"312\" src=\"https:\/\/nova.otroci.org\/wp-content\/uploads\/2024\/01\/nadomestne_kode_posebni_znaki_01.jpg\" alt=\"\" class=\"wp-image-8609\" srcset=\"https:\/\/nova.otroci.org\/wp-content\/uploads\/2024\/01\/nadomestne_kode_posebni_znaki_01.jpg 500w, https:\/\/nova.otroci.org\/wp-content\/uploads\/2024\/01\/nadomestne_kode_posebni_znaki_01-300x187.jpg 300w\" sizes=\"auto, (max-width: 500px) 100vw, 500px\" \/><\/figure>\n<\/div>\n\n\n\n<div class=\"wp-block-column is-layout-flow wp-block-column-is-layout-flow\" style=\"flex-basis:66.66%\">\n<h2 class=\"wp-block-heading\"><a href=\"https:\/\/nova.otroci.org\/index.php\/2024\/01\/25\/uporaba-nadomestnih-alt-kod-za-vnos-posebnih-znakov\/\" title=\"Uporaba nadomestnih alt kod\">Uporaba nadomestnih ALT kod<\/a><\/h2>\n\n\n\n<p><a href=\"https:\/\/nova.otroci.org\/index.php\/2024\/01\/25\/uporaba-nadomestnih-alt-kod-za-vnos-posebnih-znakov\/\" title=\"Uporaba nadomestnih alt kod\">Nadomestne kode za posebne znake in simbole so zelo koristno orodje za vna\u0161anje posebnih znakov, ki niso prisotni na standardni tipkovnici ali jih \u017eelimo vnesti v nekem drugem formatu. Nadomestne kode so sestavljene iz zaporedja znakov, ki predstavljajo dolo\u010den simbol ali znak.<\/a> <a href=\"https:\/\/nova.otroci.org\/index.php\/2024\/01\/25\/uporaba-nadomestnih-alt-kod-za-vnos-posebnih-znakov\/\" title=\"Uporaba nadomestnih alt kod\">Nadomestne kode so enostavne za uporabo, saj zahtevajo le hkratno pritiskanje tipke Alt in na \u0161tevil\u010dni tipkovnici vna\u0161anje zaporedja \u0161tevilk.<\/a><\/p>\n<\/div>\n<\/div>\n\n\n\n<hr class=\"wp-block-separator has-text-color has-pale-cyan-blue-color has-alpha-channel-opacity has-pale-cyan-blue-background-color has-background is-style-wide\"\/>\n\n\n\n<div class=\"wp-block-columns is-layout-flex wp-container-core-columns-is-layout-9d6595d7 wp-block-columns-is-layout-flex\">\n<div class=\"wp-block-column is-layout-flow wp-block-column-is-layout-flow\" style=\"flex-basis:33.33%\">\n<figure class=\"wp-block-image size-full\"><img loading=\"lazy\" decoding=\"async\" width=\"500\" height=\"312\" src=\"https:\/\/nova.otroci.org\/wp-content\/uploads\/2024\/01\/Opozorilo_01.jpg\" alt=\"\" class=\"wp-image-8665\" srcset=\"https:\/\/nova.otroci.org\/wp-content\/uploads\/2024\/01\/Opozorilo_01.jpg 500w, https:\/\/nova.otroci.org\/wp-content\/uploads\/2024\/01\/Opozorilo_01-300x187.jpg 300w\" sizes=\"auto, (max-width: 500px) 100vw, 500px\" \/><\/figure>\n<\/div>\n\n\n\n<div class=\"wp-block-column is-layout-flow wp-block-column-is-layout-flow\" style=\"flex-basis:66.66%\">\n<h2 class=\"wp-block-heading\"><a href=\"https:\/\/nova.otroci.org\/index.php\/2024\/01\/25\/namestitev-windows-11-na-star-racunalnik\/\" title=\"Namestitev Windows 11 na star ra\u010dunalnik\">Namestitev Windows 11 na star ra\u010dunalnik<\/a><\/h2>\n\n\n\n<p><a href=\"https:\/\/nova.otroci.org\/index.php\/2024\/01\/25\/namestitev-windows-11-na-star-racunalnik\/\" title=\"Namestitev Windows 11 na star ra\u010dunalnik\">Microsoft je uradno predstavil operacijski sistem Windows 11, ki prina\u0161a dolo\u010dene izbolj\u0161ave, vendar zahteva za delovanje zdru\u017eljivo strojno opremo. Ra\u010dunalnik za Windows 11 mora biti opremljen z varnostnim modulom TPM (Trusted Platform Module) 2.0 in podporo za varen zagon prek UEFI.<br>Kaj pa \u010de ra\u010dunalnik ni zdru\u017eljiv z Windows 11?<\/a><\/p>\n<\/div>\n<\/div>\n\n\n\n<hr class=\"wp-block-separator has-text-color has-pale-cyan-blue-color has-alpha-channel-opacity has-pale-cyan-blue-background-color has-background is-style-wide\"\/>\n\n\n\n<div class=\"wp-block-columns is-layout-flex wp-container-core-columns-is-layout-9d6595d7 wp-block-columns-is-layout-flex\">\n<div class=\"wp-block-column is-layout-flow wp-block-column-is-layout-flow\" style=\"flex-basis:33.33%\"><\/div>\n\n\n\n<div class=\"wp-block-column is-layout-flow wp-block-column-is-layout-flow\" style=\"flex-basis:66.66%\"><\/div>\n<\/div>\n\n\n\n<hr class=\"wp-block-separator has-text-color has-pale-cyan-blue-color has-alpha-channel-opacity has-pale-cyan-blue-background-color has-background is-style-wide\"\/>\n\n\n\n<div class=\"wp-block-columns is-layout-flex wp-container-core-columns-is-layout-9d6595d7 wp-block-columns-is-layout-flex\">\n<div class=\"wp-block-column is-layout-flow wp-block-column-is-layout-flow\" style=\"flex-basis:33.33%\"><\/div>\n\n\n\n<div class=\"wp-block-column is-layout-flow wp-block-column-is-layout-flow\" style=\"flex-basis:66.66%\"><\/div>\n<\/div>\n\n\n\n<hr class=\"wp-block-separator has-text-color has-pale-cyan-blue-color has-alpha-channel-opacity has-pale-cyan-blue-background-color has-background is-style-wide\"\/>\n","protected":false},"excerpt":{"rendered":"<p>Tukaj je lepo Prispevki o turisti\u010dnih krajih ki odra\u017eajo bogato in raznoliko turisti\u010dno ponudbo tako v Sloveniji kot na Hrva\u0161kem.<\/p>\n","protected":false},"author":1,"featured_media":0,"parent":0,"menu_order":0,"comment_status":"closed","ping_status":"closed","template":"","meta":{"om_disable_all_campaigns":false,"_monsterinsights_skip_tracking":false,"_monsterinsights_sitenote_active":false,"_monsterinsights_sitenote_note":"","_monsterinsights_sitenote_category":0,"ngg_post_thumbnail":0,"footnotes":""},"class_list":["post-4772","page","type-page","status-publish","hentry"],"aioseo_notices":[],"_links":{"self":[{"href":"https:\/\/nova.otroci.org\/index.php\/wp-json\/wp\/v2\/pages\/4772","targetHints":{"allow":["GET"]}}],"collection":[{"href":"https:\/\/nova.otroci.org\/index.php\/wp-json\/wp\/v2\/pages"}],"about":[{"href":"https:\/\/nova.otroci.org\/index.php\/wp-json\/wp\/v2\/types\/page"}],"author":[{"embeddable":true,"href":"https:\/\/nova.otroci.org\/index.php\/wp-json\/wp\/v2\/users\/1"}],"replies":[{"embeddable":true,"href":"https:\/\/nova.otroci.org\/index.php\/wp-json\/wp\/v2\/comments?post=4772"}],"version-history":[{"count":0,"href":"https:\/\/nova.otroci.org\/index.php\/wp-json\/wp\/v2\/pages\/4772\/revisions"}],"wp:attachment":[{"href":"https:\/\/nova.otroci.org\/index.php\/wp-json\/wp\/v2\/media?parent=4772"}],"curies":[{"name":"wp","href":"https:\/\/api.w.org\/{rel}","templated":true}]}}