{"id":3970,"date":"2023-10-14T21:06:05","date_gmt":"2023-10-14T19:06:05","guid":{"rendered":"https:\/\/nova.otroci.org\/?page_id=3970"},"modified":"2024-12-20T21:07:31","modified_gmt":"2024-12-20T20:07:31","slug":"7-razred","status":"publish","type":"page","link":"https:\/\/nova.otroci.org\/index.php\/7-razred\/","title":{"rendered":"7. Razred"},"content":{"rendered":"\n<p><em>Sedmi razred osnovne \u0161ole postavlja pred u\u010dence nove izzive, kjer se razvijajo kompleksnej\u0161e matemati\u010dne spretnosti, vse od algebrai\u010dnih izrazov do razumevanja geometrijskih konceptov. V jezikovnem predmetu se osredoto\u010dajo na analizo literarnih del, poglobljeno razumevanje slovnice in bogatitev besedi\u0161\u010da, kar krepi jezikovno kompetenco u\u010dencev. Naravoslovni predmeti v sedmem razredu prina\u0161ajo vpogled v fiziologijo, ekologijo in kemijske reakcije, spodbujajo kriti\u010dno razmi\u0161ljanje ter razvijajo sposobnost znanstvenega raziskovanja. Dru\u017eboslovje v sedmem razredu poudarja razumevanje zgodovinskih dogodkov, geografskih pojavov ter dru\u017ebenih in politi\u010dnih struktur, kar bogati otrokovo poznavanje sveta. Sedmi razred spodbuja tudi razvoj socialnih ve\u0161\u010din, saj u\u010denci sodelujejo v raznolikih projektih, ki zahtevajo timsko delo in re\u0161evanje kompleksnih nalog.<\/em><\/p>\n\n\n\n<h2 class=\"wp-block-heading\">Sloven\u0161\u010dina<\/h2>\n\n\n\n<div class=\"wp-block-columns is-layout-flex wp-container-core-columns-is-layout-9d6595d7 wp-block-columns-is-layout-flex\">\n<div class=\"wp-block-column is-layout-flow wp-block-column-is-layout-flow\"><div class=\"wp-block-image\">\n<figure class=\"aligncenter size-full\"><a href=\"https:\/\/nova.otroci.org\/index.php\/2023\/11\/05\/7-razred-slovenscina\/\"><img loading=\"lazy\" decoding=\"async\" width=\"402\" height=\"568\" src=\"https:\/\/nova.otroci.org\/wp-content\/uploads\/2023\/11\/Sedmi_razred_slovenscina_01.jpg\" alt=\"\" class=\"wp-image-5159\" srcset=\"https:\/\/nova.otroci.org\/wp-content\/uploads\/2023\/11\/Sedmi_razred_slovenscina_01.jpg 402w, https:\/\/nova.otroci.org\/wp-content\/uploads\/2023\/11\/Sedmi_razred_slovenscina_01-212x300.jpg 212w\" sizes=\"auto, (max-width: 402px) 100vw, 402px\" \/><\/a><\/figure><\/div><\/div>\n\n\n\n<div class=\"wp-block-column is-layout-flow wp-block-column-is-layout-flow\"><div class=\"wp-block-image\">\n<figure class=\"aligncenter size-full\"><a href=\"https:\/\/nova.otroci.org\/index.php\/2023\/11\/05\/7-razred-slovenscina\/\"><img loading=\"lazy\" decoding=\"async\" width=\"402\" height=\"568\" src=\"https:\/\/nova.otroci.org\/wp-content\/uploads\/2023\/11\/Sedmi_razred_slovenscina_02.jpg\" alt=\"\" class=\"wp-image-5160\" srcset=\"https:\/\/nova.otroci.org\/wp-content\/uploads\/2023\/11\/Sedmi_razred_slovenscina_02.jpg 402w, https:\/\/nova.otroci.org\/wp-content\/uploads\/2023\/11\/Sedmi_razred_slovenscina_02-212x300.jpg 212w\" sizes=\"auto, (max-width: 402px) 100vw, 402px\" \/><\/a><\/figure><\/div><\/div>\n<\/div>\n\n\n\n<h2 class=\"wp-block-heading\">Matematika<\/h2>\n\n\n\n<div class=\"wp-block-columns is-layout-flex wp-container-core-columns-is-layout-9d6595d7 wp-block-columns-is-layout-flex\">\n<div class=\"wp-block-column is-layout-flow wp-block-column-is-layout-flow\"><div class=\"wp-block-image\">\n<figure class=\"aligncenter size-full\"><a href=\"https:\/\/nova.otroci.org\/index.php\/2023\/11\/05\/7-razred-matematika\/\"><img loading=\"lazy\" decoding=\"async\" width=\"402\" height=\"568\" src=\"https:\/\/nova.otroci.org\/wp-content\/uploads\/2023\/11\/Sedmi_razred_matematika_01.jpg\" alt=\"\" class=\"wp-image-5155\" srcset=\"https:\/\/nova.otroci.org\/wp-content\/uploads\/2023\/11\/Sedmi_razred_matematika_01.jpg 402w, https:\/\/nova.otroci.org\/wp-content\/uploads\/2023\/11\/Sedmi_razred_matematika_01-212x300.jpg 212w\" sizes=\"auto, (max-width: 402px) 100vw, 402px\" \/><\/a><\/figure><\/div><\/div>\n\n\n\n<div class=\"wp-block-column is-layout-flow wp-block-column-is-layout-flow\"><div class=\"wp-block-image\">\n<figure class=\"aligncenter size-full\"><a href=\"https:\/\/nova.otroci.org\/index.php\/2023\/11\/05\/7-razred-matematika\/\"><img loading=\"lazy\" decoding=\"async\" width=\"402\" height=\"568\" src=\"https:\/\/nova.otroci.org\/wp-content\/uploads\/2023\/11\/Sedmi_razred_matematika_02.jpg\" alt=\"\" class=\"wp-image-5156\" srcset=\"https:\/\/nova.otroci.org\/wp-content\/uploads\/2023\/11\/Sedmi_razred_matematika_02.jpg 402w, https:\/\/nova.otroci.org\/wp-content\/uploads\/2023\/11\/Sedmi_razred_matematika_02-212x300.jpg 212w\" sizes=\"auto, (max-width: 402px) 100vw, 402px\" \/><\/a><\/figure><\/div><\/div>\n<\/div>\n\n\n\n<h2 class=\"wp-block-heading\">Matematika &#8211; vaje<\/h2>\n\n\n\n<div class=\"wp-block-columns is-layout-flex wp-container-core-columns-is-layout-9d6595d7 wp-block-columns-is-layout-flex\">\n<div class=\"wp-block-column is-layout-flow wp-block-column-is-layout-flow\">\n<figure class=\"wp-block-image size-full\"><img loading=\"lazy\" decoding=\"async\" width=\"44\" height=\"34\" src=\"https:\/\/nova.otroci.org\/wp-content\/uploads\/2024\/09\/novo.jpg\" alt=\"\" class=\"wp-image-12751\"\/><\/figure>\n<\/div>\n\n\n\n<div class=\"wp-block-column is-layout-flow wp-block-column-is-layout-flow\">\n<figure class=\"wp-block-image size-full\"><img loading=\"lazy\" decoding=\"async\" width=\"44\" height=\"34\" src=\"https:\/\/nova.otroci.org\/wp-content\/uploads\/2024\/09\/novo.jpg\" alt=\"\" class=\"wp-image-12751\"\/><\/figure>\n<\/div>\n\n\n\n<div class=\"wp-block-column is-layout-flow wp-block-column-is-layout-flow\">\n<figure class=\"wp-block-image size-full\"><img loading=\"lazy\" decoding=\"async\" width=\"44\" height=\"34\" src=\"https:\/\/nova.otroci.org\/wp-content\/uploads\/2024\/09\/novo.jpg\" alt=\"\" class=\"wp-image-12751\"\/><\/figure>\n<\/div>\n<\/div>\n\n\n\n<div class=\"wp-block-columns is-layout-flex wp-container-core-columns-is-layout-9d6595d7 wp-block-columns-is-layout-flex\">\n<div class=\"wp-block-column is-layout-flow wp-block-column-is-layout-flow\"><div class=\"wp-block-image\">\n<figure class=\"aligncenter size-full\"><a href=\"https:\/\/nova.otroci.org\/index.php\/2024\/12\/20\/7-razred-matematika-vaje\/\"><img loading=\"lazy\" decoding=\"async\" width=\"402\" height=\"568\" src=\"https:\/\/nova.otroci.org\/wp-content\/uploads\/2024\/12\/Mat_vaje_7_01.jpg\" alt=\"\" class=\"wp-image-13308\" srcset=\"https:\/\/nova.otroci.org\/wp-content\/uploads\/2024\/12\/Mat_vaje_7_01.jpg 402w, https:\/\/nova.otroci.org\/wp-content\/uploads\/2024\/12\/Mat_vaje_7_01-212x300.jpg 212w\" sizes=\"auto, (max-width: 402px) 100vw, 402px\" \/><\/a><\/figure><\/div><\/div>\n\n\n\n<div class=\"wp-block-column is-layout-flow wp-block-column-is-layout-flow\"><div class=\"wp-block-image\">\n<figure class=\"aligncenter size-full\"><a href=\"https:\/\/nova.otroci.org\/index.php\/2024\/12\/20\/7-razred-matematika-vaje\/\"><img loading=\"lazy\" decoding=\"async\" width=\"402\" height=\"568\" src=\"https:\/\/nova.otroci.org\/wp-content\/uploads\/2024\/12\/Mat_vaje_7_02.jpg\" alt=\"\" class=\"wp-image-13307\" srcset=\"https:\/\/nova.otroci.org\/wp-content\/uploads\/2024\/12\/Mat_vaje_7_02.jpg 402w, https:\/\/nova.otroci.org\/wp-content\/uploads\/2024\/12\/Mat_vaje_7_02-212x300.jpg 212w\" sizes=\"auto, (max-width: 402px) 100vw, 402px\" \/><\/a><\/figure><\/div><\/div>\n<\/div>\n\n\n\n<h2 class=\"wp-block-heading\">Zgodovina<\/h2>\n\n\n\n<div class=\"wp-block-columns is-layout-flex wp-container-core-columns-is-layout-9d6595d7 wp-block-columns-is-layout-flex\">\n<div class=\"wp-block-column is-layout-flow wp-block-column-is-layout-flow\">\n<figure class=\"wp-block-image size-full\"><img loading=\"lazy\" decoding=\"async\" width=\"44\" height=\"34\" src=\"https:\/\/nova.otroci.org\/wp-content\/uploads\/2024\/09\/novo.jpg\" alt=\"\" class=\"wp-image-12751\"\/><\/figure>\n<\/div>\n\n\n\n<div class=\"wp-block-column is-layout-flow wp-block-column-is-layout-flow\">\n<figure class=\"wp-block-image size-full\"><img loading=\"lazy\" decoding=\"async\" width=\"44\" height=\"34\" src=\"https:\/\/nova.otroci.org\/wp-content\/uploads\/2024\/09\/novo.jpg\" alt=\"\" class=\"wp-image-12751\"\/><\/figure>\n<\/div>\n\n\n\n<div class=\"wp-block-column is-layout-flow wp-block-column-is-layout-flow\">\n<figure class=\"wp-block-image size-full\"><img loading=\"lazy\" decoding=\"async\" width=\"44\" height=\"34\" src=\"https:\/\/nova.otroci.org\/wp-content\/uploads\/2024\/09\/novo.jpg\" alt=\"\" class=\"wp-image-12751\"\/><\/figure>\n<\/div>\n<\/div>\n\n\n\n<div class=\"wp-block-columns is-layout-flex wp-container-core-columns-is-layout-9d6595d7 wp-block-columns-is-layout-flex\">\n<div class=\"wp-block-column is-layout-flow wp-block-column-is-layout-flow\"><div class=\"wp-block-image\">\n<figure class=\"aligncenter size-full\"><a href=\"https:\/\/nova.otroci.org\/index.php\/2023\/11\/05\/7-razred-zgodovina\/\"><img loading=\"lazy\" decoding=\"async\" width=\"402\" height=\"568\" src=\"https:\/\/nova.otroci.org\/wp-content\/uploads\/2023\/11\/Sedmi_razred_zgodovina_01.jpg\" alt=\"\" class=\"wp-image-5161\" srcset=\"https:\/\/nova.otroci.org\/wp-content\/uploads\/2023\/11\/Sedmi_razred_zgodovina_01.jpg 402w, https:\/\/nova.otroci.org\/wp-content\/uploads\/2023\/11\/Sedmi_razred_zgodovina_01-212x300.jpg 212w\" sizes=\"auto, (max-width: 402px) 100vw, 402px\" \/><\/a><\/figure><\/div><\/div>\n\n\n\n<div class=\"wp-block-column is-layout-flow wp-block-column-is-layout-flow\"><div class=\"wp-block-image\">\n<figure class=\"aligncenter size-full\"><a href=\"https:\/\/nova.otroci.org\/index.php\/2023\/11\/05\/7-razred-zgodovina\/\"><img loading=\"lazy\" decoding=\"async\" width=\"402\" height=\"568\" src=\"https:\/\/nova.otroci.org\/wp-content\/uploads\/2023\/11\/Sedmi_razred_zgodovina_01.jpg\" alt=\"\" class=\"wp-image-5161\" srcset=\"https:\/\/nova.otroci.org\/wp-content\/uploads\/2023\/11\/Sedmi_razred_zgodovina_01.jpg 402w, https:\/\/nova.otroci.org\/wp-content\/uploads\/2023\/11\/Sedmi_razred_zgodovina_01-212x300.jpg 212w\" sizes=\"auto, (max-width: 402px) 100vw, 402px\" \/><\/a><\/figure><\/div><\/div>\n<\/div>\n\n\n\n<h2 class=\"wp-block-heading\">Geografija<\/h2>\n\n\n\n<div class=\"wp-block-columns is-layout-flex wp-container-core-columns-is-layout-9d6595d7 wp-block-columns-is-layout-flex\">\n<div class=\"wp-block-column is-layout-flow wp-block-column-is-layout-flow\">\n<figure class=\"wp-block-image size-full\"><img loading=\"lazy\" decoding=\"async\" width=\"44\" height=\"34\" src=\"https:\/\/nova.otroci.org\/wp-content\/uploads\/2024\/09\/novo.jpg\" alt=\"\" class=\"wp-image-12751\"\/><\/figure>\n<\/div>\n\n\n\n<div class=\"wp-block-column is-layout-flow wp-block-column-is-layout-flow\">\n<figure class=\"wp-block-image size-full\"><img loading=\"lazy\" decoding=\"async\" width=\"44\" height=\"34\" src=\"https:\/\/nova.otroci.org\/wp-content\/uploads\/2024\/09\/novo.jpg\" alt=\"\" class=\"wp-image-12751\"\/><\/figure>\n<\/div>\n\n\n\n<div class=\"wp-block-column is-layout-flow wp-block-column-is-layout-flow\">\n<figure class=\"wp-block-image size-full\"><img loading=\"lazy\" decoding=\"async\" width=\"44\" height=\"34\" src=\"https:\/\/nova.otroci.org\/wp-content\/uploads\/2024\/09\/novo.jpg\" alt=\"\" class=\"wp-image-12751\"\/><\/figure>\n<\/div>\n<\/div>\n\n\n\n<div class=\"wp-block-columns is-layout-flex wp-container-core-columns-is-layout-9d6595d7 wp-block-columns-is-layout-flex\">\n<div class=\"wp-block-column is-layout-flow wp-block-column-is-layout-flow\"><div class=\"wp-block-image\">\n<figure class=\"aligncenter size-full\"><a href=\"https:\/\/nova.otroci.org\/index.php\/2023\/11\/05\/7-razred-geografija\/\"><img loading=\"lazy\" decoding=\"async\" width=\"402\" height=\"568\" src=\"https:\/\/nova.otroci.org\/wp-content\/uploads\/2023\/11\/Sedmi_razred_geografija_01.jpg\" alt=\"\" class=\"wp-image-5154\" srcset=\"https:\/\/nova.otroci.org\/wp-content\/uploads\/2023\/11\/Sedmi_razred_geografija_01.jpg 402w, https:\/\/nova.otroci.org\/wp-content\/uploads\/2023\/11\/Sedmi_razred_geografija_01-212x300.jpg 212w\" sizes=\"auto, (max-width: 402px) 100vw, 402px\" \/><\/a><\/figure><\/div><\/div>\n\n\n\n<div class=\"wp-block-column is-layout-flow wp-block-column-is-layout-flow\"><div class=\"wp-block-image\">\n<figure class=\"aligncenter size-full\"><a href=\"https:\/\/nova.otroci.org\/index.php\/2023\/11\/05\/7-razred-geografija\/\"><img loading=\"lazy\" decoding=\"async\" width=\"402\" height=\"568\" src=\"https:\/\/nova.otroci.org\/wp-content\/uploads\/2023\/11\/Sedmi_razred_geografija_01.jpg\" alt=\"\" class=\"wp-image-5154\" srcset=\"https:\/\/nova.otroci.org\/wp-content\/uploads\/2023\/11\/Sedmi_razred_geografija_01.jpg 402w, https:\/\/nova.otroci.org\/wp-content\/uploads\/2023\/11\/Sedmi_razred_geografija_01-212x300.jpg 212w\" sizes=\"auto, (max-width: 402px) 100vw, 402px\" \/><\/a><\/figure><\/div><\/div>\n<\/div>\n\n\n\n<h2 class=\"wp-block-heading\">Naravoslovje<\/h2>\n\n\n\n<div class=\"wp-block-columns is-layout-flex wp-container-core-columns-is-layout-9d6595d7 wp-block-columns-is-layout-flex\">\n<div class=\"wp-block-column is-layout-flow wp-block-column-is-layout-flow\">\n<figure class=\"wp-block-image size-full\"><img loading=\"lazy\" decoding=\"async\" width=\"44\" height=\"34\" src=\"https:\/\/nova.otroci.org\/wp-content\/uploads\/2024\/09\/novo.jpg\" alt=\"\" class=\"wp-image-12751\"\/><\/figure>\n<\/div>\n\n\n\n<div class=\"wp-block-column is-layout-flow wp-block-column-is-layout-flow\">\n<figure class=\"wp-block-image size-full\"><img loading=\"lazy\" decoding=\"async\" width=\"44\" height=\"34\" src=\"https:\/\/nova.otroci.org\/wp-content\/uploads\/2024\/09\/novo.jpg\" alt=\"\" class=\"wp-image-12751\"\/><\/figure>\n<\/div>\n\n\n\n<div class=\"wp-block-column is-layout-flow wp-block-column-is-layout-flow\">\n<figure class=\"wp-block-image size-full\"><img loading=\"lazy\" decoding=\"async\" width=\"44\" height=\"34\" src=\"https:\/\/nova.otroci.org\/wp-content\/uploads\/2024\/09\/novo.jpg\" alt=\"\" class=\"wp-image-12751\"\/><\/figure>\n<\/div>\n<\/div>\n\n\n\n<div class=\"wp-block-columns is-layout-flex wp-container-core-columns-is-layout-9d6595d7 wp-block-columns-is-layout-flex\">\n<div class=\"wp-block-column is-layout-flow wp-block-column-is-layout-flow\"><div class=\"wp-block-image\">\n<figure class=\"aligncenter size-full\"><a href=\"https:\/\/nova.otroci.org\/index.php\/2023\/11\/05\/7-razred-naravoslovje\/\"><img loading=\"lazy\" decoding=\"async\" width=\"402\" height=\"568\" src=\"https:\/\/nova.otroci.org\/wp-content\/uploads\/2023\/11\/Sedmi_razred_naravoslovje_01.jpg\" alt=\"\" class=\"wp-image-5157\" srcset=\"https:\/\/nova.otroci.org\/wp-content\/uploads\/2023\/11\/Sedmi_razred_naravoslovje_01.jpg 402w, https:\/\/nova.otroci.org\/wp-content\/uploads\/2023\/11\/Sedmi_razred_naravoslovje_01-212x300.jpg 212w\" sizes=\"auto, (max-width: 402px) 100vw, 402px\" \/><\/a><\/figure><\/div><\/div>\n\n\n\n<div class=\"wp-block-column is-layout-flow wp-block-column-is-layout-flow\"><div class=\"wp-block-image\">\n<figure class=\"aligncenter size-full\"><a href=\"https:\/\/nova.otroci.org\/index.php\/2023\/11\/05\/7-razred-naravoslovje\/\"><img loading=\"lazy\" decoding=\"async\" width=\"402\" height=\"568\" src=\"https:\/\/nova.otroci.org\/wp-content\/uploads\/2023\/11\/Sedmi_razred_naravoslovje_02.jpg\" alt=\"\" class=\"wp-image-5158\" srcset=\"https:\/\/nova.otroci.org\/wp-content\/uploads\/2023\/11\/Sedmi_razred_naravoslovje_02.jpg 402w, https:\/\/nova.otroci.org\/wp-content\/uploads\/2023\/11\/Sedmi_razred_naravoslovje_02-212x300.jpg 212w\" sizes=\"auto, (max-width: 402px) 100vw, 402px\" \/><\/a><\/figure><\/div><\/div>\n<\/div>\n\n\n\n<h2 class=\"wp-block-heading\">DVZ in Etika<\/h2>\n\n\n\n<div class=\"wp-block-columns is-layout-flex wp-container-core-columns-is-layout-9d6595d7 wp-block-columns-is-layout-flex\">\n<div class=\"wp-block-column is-layout-flow wp-block-column-is-layout-flow\">\n<figure class=\"wp-block-image size-full\"><img loading=\"lazy\" decoding=\"async\" width=\"44\" height=\"34\" src=\"https:\/\/nova.otroci.org\/wp-content\/uploads\/2024\/09\/novo.jpg\" alt=\"\" class=\"wp-image-12751\"\/><\/figure>\n<\/div>\n\n\n\n<div class=\"wp-block-column is-layout-flow wp-block-column-is-layout-flow\">\n<figure class=\"wp-block-image size-full\"><img loading=\"lazy\" decoding=\"async\" width=\"44\" height=\"34\" src=\"https:\/\/nova.otroci.org\/wp-content\/uploads\/2024\/09\/novo.jpg\" alt=\"\" class=\"wp-image-12751\"\/><\/figure>\n<\/div>\n\n\n\n<div class=\"wp-block-column is-layout-flow wp-block-column-is-layout-flow\">\n<figure class=\"wp-block-image size-full\"><img loading=\"lazy\" decoding=\"async\" width=\"44\" height=\"34\" src=\"https:\/\/nova.otroci.org\/wp-content\/uploads\/2024\/09\/novo.jpg\" alt=\"\" class=\"wp-image-12751\"\/><\/figure>\n<\/div>\n<\/div>\n\n\n\n<div class=\"wp-block-columns is-layout-flex wp-container-core-columns-is-layout-9d6595d7 wp-block-columns-is-layout-flex\">\n<div class=\"wp-block-column is-layout-flow wp-block-column-is-layout-flow\"><div class=\"wp-block-image\">\n<figure class=\"aligncenter size-full\"><a href=\"https:\/\/nova.otroci.org\/index.php\/2023\/11\/05\/7-razred-dvz-in-etika\/\"><img loading=\"lazy\" decoding=\"async\" width=\"402\" height=\"568\" src=\"https:\/\/nova.otroci.org\/wp-content\/uploads\/2023\/11\/Sedmi_razred_DVZ_01.jpg\" alt=\"\" class=\"wp-image-5152\" srcset=\"https:\/\/nova.otroci.org\/wp-content\/uploads\/2023\/11\/Sedmi_razred_DVZ_01.jpg 402w, https:\/\/nova.otroci.org\/wp-content\/uploads\/2023\/11\/Sedmi_razred_DVZ_01-212x300.jpg 212w\" sizes=\"auto, (max-width: 402px) 100vw, 402px\" \/><\/a><\/figure><\/div><\/div>\n\n\n\n<div class=\"wp-block-column is-layout-flow wp-block-column-is-layout-flow\"><div class=\"wp-block-image\">\n<figure class=\"aligncenter size-full\"><a href=\"https:\/\/nova.otroci.org\/index.php\/2023\/11\/05\/7-razred-dvz-in-etika\/\"><img loading=\"lazy\" decoding=\"async\" width=\"402\" height=\"568\" src=\"https:\/\/nova.otroci.org\/wp-content\/uploads\/2023\/11\/Sedmi_razred_DVZ_02.jpg\" alt=\"\" class=\"wp-image-5153\" srcset=\"https:\/\/nova.otroci.org\/wp-content\/uploads\/2023\/11\/Sedmi_razred_DVZ_02.jpg 402w, https:\/\/nova.otroci.org\/wp-content\/uploads\/2023\/11\/Sedmi_razred_DVZ_02-212x300.jpg 212w\" sizes=\"auto, (max-width: 402px) 100vw, 402px\" \/><\/a><\/figure><\/div><\/div>\n<\/div>\n\n\n\n<h2 class=\"wp-block-heading\">Angle\u0161\u010dina<\/h2>\n\n\n\n<div class=\"wp-block-columns is-layout-flex wp-container-core-columns-is-layout-9d6595d7 wp-block-columns-is-layout-flex\">\n<div class=\"wp-block-column is-layout-flow wp-block-column-is-layout-flow\"><div class=\"wp-block-image\">\n<figure class=\"aligncenter size-full\"><a href=\"https:\/\/nova.otroci.org\/index.php\/2023\/11\/13\/7-razred-anglescina\/\"><img loading=\"lazy\" decoding=\"async\" width=\"402\" height=\"568\" src=\"https:\/\/nova.otroci.org\/wp-content\/uploads\/2023\/11\/Sedmi_razred_anglescina_01.jpg\" alt=\"\" class=\"wp-image-5150\" srcset=\"https:\/\/nova.otroci.org\/wp-content\/uploads\/2023\/11\/Sedmi_razred_anglescina_01.jpg 402w, https:\/\/nova.otroci.org\/wp-content\/uploads\/2023\/11\/Sedmi_razred_anglescina_01-212x300.jpg 212w\" sizes=\"auto, (max-width: 402px) 100vw, 402px\" \/><\/a><\/figure><\/div><\/div>\n\n\n\n<div class=\"wp-block-column is-layout-flow wp-block-column-is-layout-flow\"><div class=\"wp-block-image\">\n<figure class=\"aligncenter size-full\"><a href=\"https:\/\/nova.otroci.org\/index.php\/2023\/11\/13\/7-razred-anglescina\/\"><img loading=\"lazy\" decoding=\"async\" width=\"402\" height=\"568\" src=\"https:\/\/nova.otroci.org\/wp-content\/uploads\/2023\/11\/Sedmi_razred_anglescina_02.jpg\" alt=\"\" class=\"wp-image-5151\" srcset=\"https:\/\/nova.otroci.org\/wp-content\/uploads\/2023\/11\/Sedmi_razred_anglescina_02.jpg 402w, https:\/\/nova.otroci.org\/wp-content\/uploads\/2023\/11\/Sedmi_razred_anglescina_02-212x300.jpg 212w\" sizes=\"auto, (max-width: 402px) 100vw, 402px\" \/><\/a><\/figure><\/div><\/div>\n<\/div>\n","protected":false},"excerpt":{"rendered":"<p>Sedmi razred osnovne \u0161ole postavlja pred u\u010dence nove izzive, kjer se razvijajo kompleksnej\u0161e matemati\u010dne spretnosti, vse od algebrai\u010dnih izrazov do<\/p>\n","protected":false},"author":1,"featured_media":0,"parent":0,"menu_order":0,"comment_status":"closed","ping_status":"closed","template":"","meta":{"om_disable_all_campaigns":false,"_monsterinsights_skip_tracking":false,"_monsterinsights_sitenote_active":false,"_monsterinsights_sitenote_note":"","_monsterinsights_sitenote_category":0,"ngg_post_thumbnail":0,"footnotes":""},"class_list":["post-3970","page","type-page","status-publish","hentry"],"aioseo_notices":[],"_links":{"self":[{"href":"https:\/\/nova.otroci.org\/index.php\/wp-json\/wp\/v2\/pages\/3970","targetHints":{"allow":["GET"]}}],"collection":[{"href":"https:\/\/nova.otroci.org\/index.php\/wp-json\/wp\/v2\/pages"}],"about":[{"href":"https:\/\/nova.otroci.org\/index.php\/wp-json\/wp\/v2\/types\/page"}],"author":[{"embeddable":true,"href":"https:\/\/nova.otroci.org\/index.php\/wp-json\/wp\/v2\/users\/1"}],"replies":[{"embeddable":true,"href":"https:\/\/nova.otroci.org\/index.php\/wp-json\/wp\/v2\/comments?post=3970"}],"version-history":[{"count":2,"href":"https:\/\/nova.otroci.org\/index.php\/wp-json\/wp\/v2\/pages\/3970\/revisions"}],"predecessor-version":[{"id":13312,"href":"https:\/\/nova.otroci.org\/index.php\/wp-json\/wp\/v2\/pages\/3970\/revisions\/13312"}],"wp:attachment":[{"href":"https:\/\/nova.otroci.org\/index.php\/wp-json\/wp\/v2\/media?parent=3970"}],"curies":[{"name":"wp","href":"https:\/\/api.w.org\/{rel}","templated":true}]}}