{"id":3960,"date":"2023-10-14T21:04:16","date_gmt":"2023-10-14T19:04:16","guid":{"rendered":"https:\/\/nova.otroci.org\/?page_id=3960"},"modified":"2023-11-24T05:59:55","modified_gmt":"2023-11-24T04:59:55","slug":"2-razred","status":"publish","type":"page","link":"https:\/\/nova.otroci.org\/index.php\/2-razred\/","title":{"rendered":"2. Razred"},"content":{"rendered":"\n<p><em>Drugi razred osnovne \u0161ole je klju\u010dno obdobje v otrokovem u\u010denju, kjer razvija temeljne ve\u0161\u010dine branja, pisanja in matematike. V drugem razredu otroci nadgrajujejo svoje bralne sposobnosti in spoznavajo osnove matematike, kot so osnovne operacije in \u0161tevila do 100. U\u010dni program za drugi razred vklju\u010duje tudi druge predmete, kot so naravoslovje, dru\u017eba in likovna umetnost, kar omogo\u010da raznoliko u\u010dno izku\u0161njo. Poleg u\u010dilnice je pomembno, da se otroci v drugem razredu razvijajo tudi socialno in \u010dustveno, saj se u\u010dijo sodelovanja in re\u0161evanja konfliktov. U\u010ditelji in star\u0161i igrajo klju\u010dno vlogo pri podpori otrokom v drugem razredu, spodbujajo radovednost ter omogo\u010dajo varno in spodbudno u\u010dno okolje.<\/em><\/p>\n\n\n\n<h2 class=\"wp-block-heading\">Sloven\u0161\u010dina<\/h2>\n\n\n\n<div class=\"wp-block-columns is-layout-flex wp-container-core-columns-is-layout-9d6595d7 wp-block-columns-is-layout-flex\">\n<div class=\"wp-block-column is-layout-flow wp-block-column-is-layout-flow\"><div class=\"wp-block-image\">\n<figure class=\"aligncenter size-full\"><a href=\"https:\/\/nova.otroci.org\/index.php\/2023\/10\/27\/2-razred-slovenscina\/\"><img loading=\"lazy\" decoding=\"async\" width=\"402\" height=\"568\" src=\"https:\/\/nova.otroci.org\/wp-content\/uploads\/2023\/11\/Drugi_razred_slovenscina_01.jpg\" alt=\"\" class=\"wp-image-5111\" srcset=\"https:\/\/nova.otroci.org\/wp-content\/uploads\/2023\/11\/Drugi_razred_slovenscina_01.jpg 402w, https:\/\/nova.otroci.org\/wp-content\/uploads\/2023\/11\/Drugi_razred_slovenscina_01-212x300.jpg 212w\" sizes=\"auto, (max-width: 402px) 100vw, 402px\" \/><\/a><\/figure><\/div><\/div>\n\n\n\n<div class=\"wp-block-column is-layout-flow wp-block-column-is-layout-flow\"><div class=\"wp-block-image\">\n<figure class=\"aligncenter size-full\"><a href=\"https:\/\/nova.otroci.org\/index.php\/2023\/10\/27\/2-razred-slovenscina\/\"><img loading=\"lazy\" decoding=\"async\" width=\"402\" height=\"568\" src=\"https:\/\/nova.otroci.org\/wp-content\/uploads\/2023\/11\/Drugi_razred_slovenscina_02.jpg\" alt=\"\" class=\"wp-image-5112\" srcset=\"https:\/\/nova.otroci.org\/wp-content\/uploads\/2023\/11\/Drugi_razred_slovenscina_02.jpg 402w, https:\/\/nova.otroci.org\/wp-content\/uploads\/2023\/11\/Drugi_razred_slovenscina_02-212x300.jpg 212w\" sizes=\"auto, (max-width: 402px) 100vw, 402px\" \/><\/a><\/figure><\/div><\/div>\n<\/div>\n\n\n\n<h2 class=\"wp-block-heading\">Sloven\u0161\u010dina abeceda<\/h2>\n\n\n\n<div class=\"wp-block-columns is-layout-flex wp-container-core-columns-is-layout-9d6595d7 wp-block-columns-is-layout-flex\">\n<div class=\"wp-block-column is-layout-flow wp-block-column-is-layout-flow\"><div class=\"wp-block-image\">\n<figure class=\"aligncenter size-full\"><a href=\"https:\/\/nova.otroci.org\/index.php\/2023\/11\/12\/2-razred-slovenscina-abeceda\/\"><img loading=\"lazy\" decoding=\"async\" width=\"402\" height=\"568\" src=\"https:\/\/nova.otroci.org\/wp-content\/uploads\/2023\/11\/Prvi_razred_slovenscina_pisava_01.jpg\" alt=\"\" class=\"wp-image-5145\" srcset=\"https:\/\/nova.otroci.org\/wp-content\/uploads\/2023\/11\/Prvi_razred_slovenscina_pisava_01.jpg 402w, https:\/\/nova.otroci.org\/wp-content\/uploads\/2023\/11\/Prvi_razred_slovenscina_pisava_01-212x300.jpg 212w\" sizes=\"auto, (max-width: 402px) 100vw, 402px\" \/><\/a><\/figure><\/div><\/div>\n\n\n\n<div class=\"wp-block-column is-layout-flow wp-block-column-is-layout-flow\"><div class=\"wp-block-image\">\n<figure class=\"aligncenter size-full\"><a href=\"https:\/\/nova.otroci.org\/index.php\/2023\/11\/12\/2-razred-slovenscina-abeceda\/\"><img loading=\"lazy\" decoding=\"async\" width=\"402\" height=\"568\" src=\"https:\/\/nova.otroci.org\/wp-content\/uploads\/2023\/11\/Prvi_razred_slovenscina_pisava_02.jpg\" alt=\"\" class=\"wp-image-5146\" srcset=\"https:\/\/nova.otroci.org\/wp-content\/uploads\/2023\/11\/Prvi_razred_slovenscina_pisava_02.jpg 402w, https:\/\/nova.otroci.org\/wp-content\/uploads\/2023\/11\/Prvi_razred_slovenscina_pisava_02-212x300.jpg 212w\" sizes=\"auto, (max-width: 402px) 100vw, 402px\" \/><\/a><\/figure><\/div><\/div>\n<\/div>\n\n\n\n<h2 class=\"wp-block-heading\">Matematika<\/h2>\n\n\n\n<div class=\"wp-block-columns is-layout-flex wp-container-core-columns-is-layout-9d6595d7 wp-block-columns-is-layout-flex\">\n<div class=\"wp-block-column is-layout-flow wp-block-column-is-layout-flow\"><div class=\"wp-block-image\">\n<figure class=\"aligncenter size-full\"><a href=\"https:\/\/nova.otroci.org\/index.php\/2023\/10\/27\/2-razred-matematika\/\"><img loading=\"lazy\" decoding=\"async\" width=\"402\" height=\"568\" src=\"https:\/\/nova.otroci.org\/wp-content\/uploads\/2023\/11\/Prvi_razred_matematika_v_01.jpg\" alt=\"\" class=\"wp-image-5141\" srcset=\"https:\/\/nova.otroci.org\/wp-content\/uploads\/2023\/11\/Prvi_razred_matematika_v_01.jpg 402w, https:\/\/nova.otroci.org\/wp-content\/uploads\/2023\/11\/Prvi_razred_matematika_v_01-212x300.jpg 212w\" sizes=\"auto, (max-width: 402px) 100vw, 402px\" \/><\/a><\/figure><\/div><\/div>\n\n\n\n<div class=\"wp-block-column is-layout-flow wp-block-column-is-layout-flow\"><div class=\"wp-block-image\">\n<figure class=\"aligncenter size-full\"><a href=\"https:\/\/nova.otroci.org\/index.php\/2023\/10\/27\/2-razred-matematika\/\"><img loading=\"lazy\" decoding=\"async\" width=\"402\" height=\"568\" src=\"https:\/\/nova.otroci.org\/wp-content\/uploads\/2023\/11\/Prvi_razred_matematika_v_02.jpg\" alt=\"\" class=\"wp-image-5142\" srcset=\"https:\/\/nova.otroci.org\/wp-content\/uploads\/2023\/11\/Prvi_razred_matematika_v_02.jpg 402w, https:\/\/nova.otroci.org\/wp-content\/uploads\/2023\/11\/Prvi_razred_matematika_v_02-212x300.jpg 212w\" sizes=\"auto, (max-width: 402px) 100vw, 402px\" \/><\/a><\/figure><\/div><\/div>\n<\/div>\n\n\n\n<h2 class=\"wp-block-heading\">Matematika vaje<\/h2>\n\n\n\n<div class=\"wp-block-columns is-layout-flex wp-container-core-columns-is-layout-9d6595d7 wp-block-columns-is-layout-flex\">\n<div class=\"wp-block-column is-layout-flow wp-block-column-is-layout-flow\"><div class=\"wp-block-image\">\n<figure class=\"aligncenter size-full\"><a href=\"https:\/\/nova.otroci.org\/index.php\/2023\/11\/12\/2-razred-matematika-vaje\/\"><img loading=\"lazy\" decoding=\"async\" width=\"402\" height=\"568\" src=\"https:\/\/nova.otroci.org\/wp-content\/uploads\/2023\/11\/Drugi_razred_matematika_vaje_01.jpg\" alt=\"\" class=\"wp-image-5109\" srcset=\"https:\/\/nova.otroci.org\/wp-content\/uploads\/2023\/11\/Drugi_razred_matematika_vaje_01.jpg 402w, https:\/\/nova.otroci.org\/wp-content\/uploads\/2023\/11\/Drugi_razred_matematika_vaje_01-212x300.jpg 212w\" sizes=\"auto, (max-width: 402px) 100vw, 402px\" \/><\/a><\/figure><\/div><\/div>\n\n\n\n<div class=\"wp-block-column is-layout-flow wp-block-column-is-layout-flow\"><div class=\"wp-block-image\">\n<figure class=\"aligncenter size-full\"><a href=\"https:\/\/nova.otroci.org\/index.php\/2023\/11\/12\/2-razred-matematika-vaje\/\"><img loading=\"lazy\" decoding=\"async\" width=\"402\" height=\"568\" src=\"https:\/\/nova.otroci.org\/wp-content\/uploads\/2023\/11\/Drugi_razred_matematika_vaje_02.jpg\" alt=\"\" class=\"wp-image-5110\" srcset=\"https:\/\/nova.otroci.org\/wp-content\/uploads\/2023\/11\/Drugi_razred_matematika_vaje_02.jpg 402w, https:\/\/nova.otroci.org\/wp-content\/uploads\/2023\/11\/Drugi_razred_matematika_vaje_02-212x300.jpg 212w\" sizes=\"auto, (max-width: 402px) 100vw, 402px\" \/><\/a><\/figure><\/div><\/div>\n<\/div>\n\n\n\n<h2 class=\"wp-block-heading\">Spoznavanje okolja<\/h2>\n\n\n\n<div class=\"wp-block-columns is-layout-flex wp-container-core-columns-is-layout-9d6595d7 wp-block-columns-is-layout-flex\">\n<div class=\"wp-block-column is-layout-flow wp-block-column-is-layout-flow\"><div class=\"wp-block-image\">\n<figure class=\"aligncenter size-full\"><a href=\"https:\/\/nova.otroci.org\/index.php\/2023\/10\/27\/2-razred-spoznavanje-okolja\/\"><img loading=\"lazy\" decoding=\"async\" width=\"402\" height=\"568\" src=\"https:\/\/nova.otroci.org\/wp-content\/uploads\/2023\/11\/Drugi_razred_spo_01.jpg\" alt=\"\" class=\"wp-image-5115\" srcset=\"https:\/\/nova.otroci.org\/wp-content\/uploads\/2023\/11\/Drugi_razred_spo_01.jpg 402w, https:\/\/nova.otroci.org\/wp-content\/uploads\/2023\/11\/Drugi_razred_spo_01-212x300.jpg 212w\" sizes=\"auto, (max-width: 402px) 100vw, 402px\" \/><\/a><\/figure><\/div><\/div>\n\n\n\n<div class=\"wp-block-column is-layout-flow wp-block-column-is-layout-flow\"><div class=\"wp-block-image\">\n<figure class=\"aligncenter size-full\"><a href=\"https:\/\/nova.otroci.org\/index.php\/2023\/10\/27\/2-razred-spoznavanje-okolja\/\"><img loading=\"lazy\" decoding=\"async\" width=\"402\" height=\"568\" src=\"https:\/\/nova.otroci.org\/wp-content\/uploads\/2023\/11\/Drugi_razred_spo_01.jpg\" alt=\"\" class=\"wp-image-5115\" srcset=\"https:\/\/nova.otroci.org\/wp-content\/uploads\/2023\/11\/Drugi_razred_spo_01.jpg 402w, https:\/\/nova.otroci.org\/wp-content\/uploads\/2023\/11\/Drugi_razred_spo_01-212x300.jpg 212w\" sizes=\"auto, (max-width: 402px) 100vw, 402px\" \/><\/a><\/figure><\/div><\/div>\n<\/div>\n","protected":false},"excerpt":{"rendered":"<p>Drugi razred osnovne \u0161ole je klju\u010dno obdobje v otrokovem u\u010denju, kjer razvija temeljne ve\u0161\u010dine branja, pisanja in matematike. V drugem<\/p>\n","protected":false},"author":1,"featured_media":0,"parent":0,"menu_order":0,"comment_status":"closed","ping_status":"closed","template":"","meta":{"om_disable_all_campaigns":false,"_monsterinsights_skip_tracking":false,"_monsterinsights_sitenote_active":false,"_monsterinsights_sitenote_note":"","_monsterinsights_sitenote_category":0,"ngg_post_thumbnail":0,"footnotes":""},"class_list":["post-3960","page","type-page","status-publish","hentry"],"aioseo_notices":[],"_links":{"self":[{"href":"https:\/\/nova.otroci.org\/index.php\/wp-json\/wp\/v2\/pages\/3960","targetHints":{"allow":["GET"]}}],"collection":[{"href":"https:\/\/nova.otroci.org\/index.php\/wp-json\/wp\/v2\/pages"}],"about":[{"href":"https:\/\/nova.otroci.org\/index.php\/wp-json\/wp\/v2\/types\/page"}],"author":[{"embeddable":true,"href":"https:\/\/nova.otroci.org\/index.php\/wp-json\/wp\/v2\/users\/1"}],"replies":[{"embeddable":true,"href":"https:\/\/nova.otroci.org\/index.php\/wp-json\/wp\/v2\/comments?post=3960"}],"version-history":[{"count":0,"href":"https:\/\/nova.otroci.org\/index.php\/wp-json\/wp\/v2\/pages\/3960\/revisions"}],"wp:attachment":[{"href":"https:\/\/nova.otroci.org\/index.php\/wp-json\/wp\/v2\/media?parent=3960"}],"curies":[{"name":"wp","href":"https:\/\/api.w.org\/{rel}","templated":true}]}}